{"id":45,"date":"2014-01-23T13:01:14","date_gmt":"2014-01-23T11:01:14","guid":{"rendered":"http:\/\/jkequinox.sk\/?page_id=45"},"modified":"2019-08-23T09:07:02","modified_gmt":"2019-08-23T07:07:02","slug":"plemenne-zrebce","status":"publish","type":"page","link":"https:\/\/jkequinox.sk\/?page_id=45","title":{"rendered":"Plemenn\u00e9 \u017erebce"},"content":{"rendered":"<p>CALIMERO<\/p>\n<p>CALIMERO je plemenn\u00fd \u017erebec plemena pony uchovnen\u00fd v roku 2013 a ako plemenn\u00edk p\u00f4sob\u00ed od febru\u00e1ra 2014. Je to pony v\u00fdrazn\u00e9ho temperamentu no s v\u00fdbornou jazdite\u013enos\u0165ou. Vynik\u00e1 velmi pru\u017en\u00fdm pohybom, siln\u00fdm odrazom skoku a v\u00fdbornou mechanikou chrbta a kon\u010dat\u00edn. V sez\u00f3ne 2014 sa predstavil\u00a0 s jazdky\u0148ou Luciou Petr\u00edkovou na kolbisk\u00e1ch kedy dosiahli nemal\u00e9 \u00faspechy. T\u00e1to dvojica sa dostala a\u017e na \u00farove\u0148 stup\u0148a ST pony v kateg\u00f3rii A. Calimero sa umiestnil celkove na 4.mieste v s\u00fa\u0165a\u017ei Celoslovensk\u00fd pony poh\u00e1r kde konkuroval pon\u00edkom o v\u00fd\u0161ke do 147cm VKH. V sez\u00f3ne 2015 dostal do sedla nov\u00fa jazdky\u0148u Ninku Me\u0161terov\u00fa, ktor\u00e1 zbiera svoje prv\u00e9 sk\u00fasenosti na kolbisk\u00e1ch.<\/p>\n<p>&nbsp;<\/p>\n<p><a href=\"http:\/\/jkequinox.sk\/wp-content\/uploads\/2014\/01\/Calimero.jpg\"><img loading=\"lazy\" decoding=\"async\" class=\"aligncenter size-full wp-image-262\" src=\"http:\/\/jkequinox.sk\/wp-content\/uploads\/2014\/01\/Calimero.jpg\" alt=\"Calimero\" width=\"384\" height=\"552\" srcset=\"https:\/\/jkequinox.sk\/wp-content\/uploads\/2014\/01\/Calimero.jpg 384w, https:\/\/jkequinox.sk\/wp-content\/uploads\/2014\/01\/Calimero-209x300.jpg 209w\" sizes=\"auto, (max-width: 384px) 100vw, 384px\" \/><\/a> <a href=\"http:\/\/jkequinox.sk\/wp-content\/uploads\/2014\/01\/DSC_0011.jpg\"><img loading=\"lazy\" decoding=\"async\" class=\"aligncenter size-full wp-image-263\" src=\"http:\/\/jkequinox.sk\/wp-content\/uploads\/2014\/01\/DSC_0011.jpg\" alt=\"DSC_0011\" width=\"3104\" height=\"1746\" srcset=\"https:\/\/jkequinox.sk\/wp-content\/uploads\/2014\/01\/DSC_0011.jpg 3104w, https:\/\/jkequinox.sk\/wp-content\/uploads\/2014\/01\/DSC_0011-300x169.jpg 300w, https:\/\/jkequinox.sk\/wp-content\/uploads\/2014\/01\/DSC_0011-1024x576.jpg 1024w\" sizes=\"auto, (max-width: 3104px) 100vw, 3104px\" \/><\/a> <a href=\"http:\/\/jkequinox.sk\/wp-content\/uploads\/2014\/01\/10386740_787023351341467_3913370675617574817_n.jpg\"><img loading=\"lazy\" decoding=\"async\" class=\"aligncenter size-full wp-image-264\" src=\"http:\/\/jkequinox.sk\/wp-content\/uploads\/2014\/01\/10386740_787023351341467_3913370675617574817_n.jpg\" alt=\"10386740_787023351341467_3913370675617574817_n\" width=\"576\" height=\"843\" srcset=\"https:\/\/jkequinox.sk\/wp-content\/uploads\/2014\/01\/10386740_787023351341467_3913370675617574817_n.jpg 576w, https:\/\/jkequinox.sk\/wp-content\/uploads\/2014\/01\/10386740_787023351341467_3913370675617574817_n-205x300.jpg 205w\" sizes=\"auto, (max-width: 576px) 100vw, 576px\" \/><\/a> <a href=\"http:\/\/jkequinox.sk\/wp-content\/uploads\/2014\/01\/11825095_880030705383813_8309376095554452882_n.jpg\"><img loading=\"lazy\" decoding=\"async\" class=\"aligncenter size-full wp-image-265\" src=\"http:\/\/jkequinox.sk\/wp-content\/uploads\/2014\/01\/11825095_880030705383813_8309376095554452882_n.jpg\" alt=\"11825095_880030705383813_8309376095554452882_n\" width=\"526\" height=\"395\" srcset=\"https:\/\/jkequinox.sk\/wp-content\/uploads\/2014\/01\/11825095_880030705383813_8309376095554452882_n.jpg 526w, https:\/\/jkequinox.sk\/wp-content\/uploads\/2014\/01\/11825095_880030705383813_8309376095554452882_n-300x225.jpg 300w\" sizes=\"auto, (max-width: 526px) 100vw, 526px\" \/><\/a> <a href=\"http:\/\/jkequinox.sk\/wp-content\/uploads\/2014\/01\/IMG_0956.jpg\"><img loading=\"lazy\" decoding=\"async\" class=\"aligncenter size-medium wp-image-95\" src=\"http:\/\/jkequinox.sk\/wp-content\/uploads\/2014\/01\/IMG_0956-300x225.jpg\" alt=\"IMG_0956\" width=\"300\" height=\"225\" srcset=\"https:\/\/jkequinox.sk\/wp-content\/uploads\/2014\/01\/IMG_0956-300x225.jpg 300w, https:\/\/jkequinox.sk\/wp-content\/uploads\/2014\/01\/IMG_0956.jpg 980w\" sizes=\"auto, (max-width: 300px) 100vw, 300px\" \/><\/a><a href=\"http:\/\/jkequinox.sk\/wp-content\/uploads\/2014\/01\/cali-vystava-n.jpg\"><img loading=\"lazy\" decoding=\"async\" class=\"aligncenter  wp-image-131\" src=\"http:\/\/jkequinox.sk\/wp-content\/uploads\/2014\/01\/cali-vystava-n-199x300.jpg\" alt=\"cali vystava n\" width=\"199\" height=\"300\" srcset=\"https:\/\/jkequinox.sk\/wp-content\/uploads\/2014\/01\/cali-vystava-n-199x300.jpg 199w, https:\/\/jkequinox.sk\/wp-content\/uploads\/2014\/01\/cali-vystava-n.jpg 637w\" sizes=\"auto, (max-width: 199px) 100vw, 199px\" \/><\/a><\/p>\n","protected":false},"excerpt":{"rendered":"<p>CALIMERO CALIMERO je plemenn\u00fd \u017erebec plemena pony uchovnen\u00fd v roku 2013 a ako plemenn\u00edk p\u00f4sob\u00ed od febru\u00e1ra 2014. Je to pony v\u00fdrazn\u00e9ho temperamentu no s v\u00fdbornou jazdite\u013enos\u0165ou. Vynik\u00e1 velmi pru\u017en\u00fdm pohybom, siln\u00fdm odrazom skoku a v\u00fdbornou mechanikou chrbta a kon\u010dat\u00edn. V sez\u00f3ne 2014 sa predstavil\u00a0 s jazdky\u0148ou Luciou Petr\u00edkovou na kolbisk\u00e1ch kedy dosiahli nemal\u00e9 \u00faspechy. [&hellip;]<\/p>\n","protected":false},"author":1,"featured_media":0,"parent":39,"menu_order":0,"comment_status":"closed","ping_status":"open","template":"","meta":{"footnotes":""},"class_list":["post-45","page","type-page","status-publish","hentry"],"_links":{"self":[{"href":"https:\/\/jkequinox.sk\/index.php?rest_route=\/wp\/v2\/pages\/45","targetHints":{"allow":["GET"]}}],"collection":[{"href":"https:\/\/jkequinox.sk\/index.php?rest_route=\/wp\/v2\/pages"}],"about":[{"href":"https:\/\/jkequinox.sk\/index.php?rest_route=\/wp\/v2\/types\/page"}],"author":[{"embeddable":true,"href":"https:\/\/jkequinox.sk\/index.php?rest_route=\/wp\/v2\/users\/1"}],"replies":[{"embeddable":true,"href":"https:\/\/jkequinox.sk\/index.php?rest_route=%2Fwp%2Fv2%2Fcomments&post=45"}],"version-history":[{"count":8,"href":"https:\/\/jkequinox.sk\/index.php?rest_route=\/wp\/v2\/pages\/45\/revisions"}],"predecessor-version":[{"id":289,"href":"https:\/\/jkequinox.sk\/index.php?rest_route=\/wp\/v2\/pages\/45\/revisions\/289"}],"up":[{"embeddable":true,"href":"https:\/\/jkequinox.sk\/index.php?rest_route=\/wp\/v2\/pages\/39"}],"wp:attachment":[{"href":"https:\/\/jkequinox.sk\/index.php?rest_route=%2Fwp%2Fv2%2Fmedia&parent=45"}],"curies":[{"name":"wp","href":"https:\/\/api.w.org\/{rel}","templated":true}]}}